{"id":13190,"date":"2026-09-04T11:01:09","date_gmt":"2026-09-04T09:01:09","guid":{"rendered":"https:\/\/froidevaux-immobilier.ch\/bien-immobilier\/dernier-etage-4-5-pieces-a-prez\/"},"modified":"2026-09-04T11:01:09","modified_gmt":"2026-09-04T09:01:09","slug":"dernier-etage-4-5-pieces-a-prez","status":"publish","type":"bien-immobilier","link":"https:\/\/froidevaux-immobilier.ch\/en\/bien-immobilier\/dernier-etage-4-5-pieces-a-prez\/","title":{"rendered":"Dernier \u00e9tage 4.5 pi\u00e8ces \u00e0 Prez"},"content":{"rendered":"<p><span style=\"vertical-align: inherit;\"><span style=\"vertical-align: inherit;\"><\/p>\n<p>Id\u00e9alement situ\u00e9 \u00e0 cet appartement de 122 m\u00b2 occupe le dernier \u00e9tage d&#39;un immeuble de 3 \u00e9tages, tr\u00e8s bien entretenu. Sa distribution g\u00e9n\u00e9reuse et lumineuse en fait un objet rare sur le march\u00e9, tant pour une famille que pour un couple recherchant de l&#39;espace et du confort.<\/p>\n<\/p>\n<p><strong>Distribution :<\/strong><\/p>\n<ul>\n<li>3 chambres spacieuses, dont une chambre parentale de 17 m\u00b2<\/li>\n<li>2 salles de bains<\/li>\n<li>Un salon avec chemin\u00e9e, pi\u00e8ce de vie centrale et chaleureuse<\/li>\n<li>Une cuisine \u00e9quip\u00e9e d&#39;appareils r\u00e9cents<\/li>\n<li>Un cellier pour les r\u00e9serves et le rangement<\/li>\n<li>Un galetas sur toute la surface de l&#39;appartement<\/li>\n<li>Un balcon de 8 m2 orient\u00e9 sud<\/li>\n<\/ul>\n<p><strong>R\u00e9novations r\u00e9alis\u00e9es entre 2016 et 2025 :<\/strong><\/p>\n<ul>\n<li>Salles de bains<\/li>\n<li>Carrelages<\/li>\n<li>Peintures<\/li>\n<li>Appareils de cuisine<\/li>\n<\/ul>\n<p><strong>Immeuble et \u00e9nergie :<\/strong><\/p>\n<p>L&#39;immeuble b\u00e9n\u00e9ficie d&#39;un certificat CECB avec une moyenne en cat\u00e9gorie B, ce qui t\u00e9moigne d&#39;une bonne performance \u00e9nerg\u00e9tique. Le chauffage est assur\u00e9 par une pompe \u00e0 chaleur g\u00e9othermique, gage de charges ma\u00eetris\u00e9es et d&#39;une empreinte \u00e9nerg\u00e9tique r\u00e9duite. L&#39;ensemble de la copropri\u00e9t\u00e9 est tenu avec soin.<\/p>\n<\/p>\n<p><strong>D\u00e9pendances et commodit\u00e9s :<\/strong><\/p>\n<ul>\n<li>Une grande cave privative<\/li>\n<li>Un local \u00e0 v\u00e9los commun<\/li>\n<li>2 places de parc dans le garage souterrain en plus du prix CHF 50&#39;000<\/li>\n<\/ul>\n<p> soit un prix total 725&#39;000 l&#39; appartement et les places de parc 50&#39;000.- = 775&#39;000<\/p>\n<\/p>\n<p>Je serais ravi de vous pr\u00e9senter cet objet lors d&#39;une visite. Sans vouloir \u00eatre intrusif, n&#39;h\u00e9sitez pas \u00e0 me contacter pour convenir d&#39;un rendez-vous ou recevoir le dossier de vente complet.<\/p>\n<\/p>\n<p><\/span><\/span><\/p>\n","protected":false},"template":"","offre-prestige":[],"mise-en-avant":[33],"type-de-bien":[3],"statut-de-bien":[41],"class_list":["post-13190","bien-immobilier","type-bien-immobilier","status-publish","hentry","mise-en-avant-oui","type-de-bien-appartement","statut-de-bien-available"],"_links":{"self":[{"href":"https:\/\/froidevaux-immobilier.ch\/en\/wp-json\/wp\/v2\/bien-immobilier\/13190","targetHints":{"allow":["GET"]}}],"collection":[{"href":"https:\/\/froidevaux-immobilier.ch\/en\/wp-json\/wp\/v2\/bien-immobilier"}],"about":[{"href":"https:\/\/froidevaux-immobilier.ch\/en\/wp-json\/wp\/v2\/types\/bien-immobilier"}],"wp:attachment":[{"href":"https:\/\/froidevaux-immobilier.ch\/en\/wp-json\/wp\/v2\/media?parent=13190"}],"wp:term":[{"taxonomy":"offre-prestige","embeddable":true,"href":"https:\/\/froidevaux-immobilier.ch\/en\/wp-json\/wp\/v2\/offre-prestige?post=13190"},{"taxonomy":"mise-en-avant","embeddable":true,"href":"https:\/\/froidevaux-immobilier.ch\/en\/wp-json\/wp\/v2\/mise-en-avant?post=13190"},{"taxonomy":"type-de-bien","embeddable":true,"href":"https:\/\/froidevaux-immobilier.ch\/en\/wp-json\/wp\/v2\/type-de-bien?post=13190"},{"taxonomy":"statut-de-bien","embeddable":true,"href":"https:\/\/froidevaux-immobilier.ch\/en\/wp-json\/wp\/v2\/statut-de-bien?post=13190"}],"curies":[{"name":"wp","href":"https:\/\/api.w.org\/{rel}","templated":true}]}}

Dernier étage 4.5 pièces à Prez

<p><span style="vertical-align: inherit;"><span style="vertical-align: inherit;"></p>
<p>Idéalement situé à cet appartement de 122 m² occupe le dernier étage d&#39;un immeuble de 3 étages, très bien entretenu. Sa distribution généreuse et lumineuse en fait un objet rare sur le marché, tant pour une famille que pour un couple recherchant de l&#39;espace et du confort.</p>
</p>
<p><strong>Distribution :</strong></p>
<ul>
<li>3 chambres spacieuses, dont une chambre parentale de 17 m²</li>
<li>2 salles de bains</li>
<li>Un salon avec cheminée, pièce de vie centrale et chaleureuse</li>
<li>Une cuisine équipée d&#39;appareils récents</li>
<li>Un cellier pour les réserves et le rangement</li>
<li>Un galetas sur toute la surface de l&#39;appartement</li>
<li>Un balcon de 8 m2 orienté sud</li>
</ul>
<p><strong>Rénovations réalisées entre 2016 et 2025 :</strong></p>
<ul>
<li>Salles de bains</li>
<li>Carrelages</li>
<li>Peintures</li>
<li>Appareils de cuisine</li>
</ul>
<p><strong>Immeuble et énergie :</strong></p>
<p>L&#39;immeuble bénéficie d&#39;un certificat CECB avec une moyenne en catégorie B, ce qui témoigne d&#39;une bonne performance énergétique. Le chauffage est assuré par une pompe à chaleur géothermique, gage de charges maîtrisées et d&#39;une empreinte énergétique réduite. L&#39;ensemble de la copropriété est tenu avec soin.</p>
</p>
<p><strong>Dépendances et commodités :</strong></p>
<ul>
<li>Une grande cave privative</li>
<li>Un local à vélos commun</li>
<li>2 places de parc dans le garage souterrain en plus du prix CHF 50&#39;000</li>
</ul>
<p> soit un prix total 725&#39;000 l&#39; appartement et les places de parc 50&#39;000.- = 775&#39;000</p>
</p>
<p>Je serais ravi de vous présenter cet objet lors d&#39;une visite. Sans vouloir être intrusif, n&#39;hésitez pas à me contacter pour convenir d&#39;un rendez-vous ou recevoir le dossier de vente complet.</p>
</p>
<p></span></span></p>
