{"id":13073,"date":"2026-04-28T11:00:49","date_gmt":"2026-04-28T09:00:49","guid":{"rendered":"https:\/\/froidevaux-immobilier.ch\/bien-immobilier\/maison-contigue-au-milieu-6-pieces-a-avully\/"},"modified":"2026-04-28T11:00:49","modified_gmt":"2026-04-28T09:00:49","slug":"maison-contigue-au-milieu-6-pieces-a-avully","status":"publish","type":"bien-immobilier","link":"https:\/\/froidevaux-immobilier.ch\/en\/bien-immobilier\/maison-contigue-au-milieu-6-pieces-a-avully\/","title":{"rendered":"Maison contigu\u00eb au milieu 6 pi\u00e8ces \u00e0 Avully"},"content":{"rendered":"<p><span style=\"vertical-align: inherit;\"><span style=\"vertical-align: inherit;\">Situ\u00e9e au c\u0153ur du village d&rsquo;Avully, cette nouvelle promotion, pr\u00e9sent\u00e9e en collaboration avec Friedli Consulting, est le fruit de la r\u00e9novation d&rsquo;une ancienne grange. Elle se composera de deux maisons contig\u00fces sur deux niveaux avec combles, conformes aux normes HPE (Haute Performance \u00c9nerg\u00e9tique), \u00e0 vendre sur plans.<\/p>\n<p>Mariant l&rsquo;authenticit\u00e9 de l&rsquo;ancien avec des touches modernes, ce projet saura vous s\u00e9duire par son cadre paisible et verdoyant.<\/p>\n<p>\u00c9difi\u00e9e sur une parcelle de 465 m2, la villa B offrira une surface habitable de 206 m2, r\u00e9partie sur 2 niveaux et combles, dont les pi\u00e8ces seront r\u00e9parties comme suit :<\/p>\n<p>REZ-DE-CHAUSSEE<\/p>\n<p>&#8211; Hall d&rsquo;entr\u00e9e<br \/>\n&#8211; Cuisine ouverte sur la salle-\u00e0-manger<br \/>\n&#8211; Salon avec acc\u00e8s terrasse et jardin<br \/>\n&#8211; WC visiteurs<br \/>\n&#8211; Chaufferie \/ buanderie<\/p>\n<p>PREMIER ETAGE<\/p>\n<p>&#8211; Suite parentale avec salle-de-douches<br \/>\n&#8211; 2 chambres<br \/>\n&#8211; Salle-de-bains<\/p>\n<p>COMBLES<\/p>\n<p>&#8211; Mezzanine<br \/>\n&#8211; Grenier<\/p>\n<p>La villa disposera de deux places de parking situ\u00e9es devant l\u2019entr\u00e9e, ainsi que d\u2019un espace d\u00e9di\u00e9 pour les v\u00e9los et les motos.<\/p>\n<p>Les \u00e9quipements seront \u00e0 faible consommation, en classe A++ selon les crit\u00e8res Minergie-A et l\u2019int\u00e9rieur pourra \u00eatre personnalis\u00e9 selon les go\u00fbts de l\u2019acqu\u00e9reur, avec un budget cons\u00e9quent pr\u00e9vu \u00e0 cet effet.<\/p>\n<p>Le projet fait l&rsquo;objet d&rsquo;une autorisation en force et la livraison est pr\u00e9vue pour 2026.<\/p>\n<p>***Remarque***\u00a0: les images et plans sont pr\u00e9sent\u00e9s \u00e0 titre illustratif et ne sont pas contractuels. Seuls le descriptif de la construction et le contrat de construction du promoteur seront consid\u00e9r\u00e9s comme faisant foi.<\/span><\/span><\/p>\n","protected":false},"template":"","offre-prestige":[],"mise-en-avant":[],"type-de-bien":[6],"statut-de-bien":[41],"class_list":["post-13073","bien-immobilier","type-bien-immobilier","status-publish","hentry","type-de-bien-maison","statut-de-bien-available"],"_links":{"self":[{"href":"https:\/\/froidevaux-immobilier.ch\/en\/wp-json\/wp\/v2\/bien-immobilier\/13073","targetHints":{"allow":["GET"]}}],"collection":[{"href":"https:\/\/froidevaux-immobilier.ch\/en\/wp-json\/wp\/v2\/bien-immobilier"}],"about":[{"href":"https:\/\/froidevaux-immobilier.ch\/en\/wp-json\/wp\/v2\/types\/bien-immobilier"}],"wp:attachment":[{"href":"https:\/\/froidevaux-immobilier.ch\/en\/wp-json\/wp\/v2\/media?parent=13073"}],"wp:term":[{"taxonomy":"offre-prestige","embeddable":true,"href":"https:\/\/froidevaux-immobilier.ch\/en\/wp-json\/wp\/v2\/offre-prestige?post=13073"},{"taxonomy":"mise-en-avant","embeddable":true,"href":"https:\/\/froidevaux-immobilier.ch\/en\/wp-json\/wp\/v2\/mise-en-avant?post=13073"},{"taxonomy":"type-de-bien","embeddable":true,"href":"https:\/\/froidevaux-immobilier.ch\/en\/wp-json\/wp\/v2\/type-de-bien?post=13073"},{"taxonomy":"statut-de-bien","embeddable":true,"href":"https:\/\/froidevaux-immobilier.ch\/en\/wp-json\/wp\/v2\/statut-de-bien?post=13073"}],"curies":[{"name":"wp","href":"https:\/\/api.w.org\/{rel}","templated":true}]}}

Maison contiguë au milieu 6 pièces à Avully

<p><span style="vertical-align: inherit;"><span style="vertical-align: inherit;">Située au cœur du village d&rsquo;Avully, cette nouvelle promotion, présentée en collaboration avec Friedli Consulting, est le fruit de la rénovation d&rsquo;une ancienne grange. Elle se composera de deux maisons contigües sur deux niveaux avec combles, conformes aux normes HPE (Haute Performance Énergétique), à vendre sur plans.</p>
<p>Mariant l&rsquo;authenticité de l&rsquo;ancien avec des touches modernes, ce projet saura vous séduire par son cadre paisible et verdoyant.</p>
<p>Édifiée sur une parcelle de 465 m2, la villa B offrira une surface habitable de 206 m2, répartie sur 2 niveaux et combles, dont les pièces seront réparties comme suit :</p>
<p>REZ-DE-CHAUSSEE</p>
<p>&#8211; Hall d&rsquo;entrée<br />
&#8211; Cuisine ouverte sur la salle-à-manger<br />
&#8211; Salon avec accès terrasse et jardin<br />
&#8211; WC visiteurs<br />
&#8211; Chaufferie / buanderie</p>
<p>PREMIER ETAGE</p>
<p>&#8211; Suite parentale avec salle-de-douches<br />
&#8211; 2 chambres<br />
&#8211; Salle-de-bains</p>
<p>COMBLES</p>
<p>&#8211; Mezzanine<br />
&#8211; Grenier</p>
<p>La villa disposera de deux places de parking situées devant l’entrée, ainsi que d’un espace dédié pour les vélos et les motos.</p>
<p>Les équipements seront à faible consommation, en classe A++ selon les critères Minergie-A et l’intérieur pourra être personnalisé selon les goûts de l’acquéreur, avec un budget conséquent prévu à cet effet.</p>
<p>Le projet fait l&rsquo;objet d&rsquo;une autorisation en force et la livraison est prévue pour 2026.</p>
<p>***Remarque*** : les images et plans sont présentés à titre illustratif et ne sont pas contractuels. Seuls le descriptif de la construction et le contrat de construction du promoteur seront considérés comme faisant foi.</span></span></p>
